
True
Is 152056133 a prime number?
False
Is 4708601 a composite number?
True
Is 6987283 composite?
True
Is 8013323 a prime number?
True
Is 4309037 a composite number?
True
Is 6442673 a composite number?
False
Is 2196011 a composite number?
False
Is 2443897 composite?
True
Is 935382895 prime?
False
Is 11427527 a prime number?
False
Is 10324649 a prime number?
True
Is 372096061 composite?
True
Is 1482407 a prime number?
True
Is 51333589 prime?
True
Is 10222739 a composite number?
True
Is 32467667 composite?
False
Is 4028137 prime?
True
Is 644216041 a prime number?
False
Is 1195633 a composite number?
True
Is 39697421 a prime number?
False
Is 173757179 a prime number?
True
Is 52726847 a prime number?
True
Is 76643 a composite number?
True
Is 4845611 composite?
True
Is 870787 composite?
False
Is 4365997 a prime number?
True
Is 1633603 prime?
True
Is 4244881 a composite number?
False
Is 1164451 prime?
False
Is 760211 composite?
False
Is 74448929 a prime number?
False
Is 16046429 a prime number?
False
Is 34469881 composite?
True
Is 89488001 a prime number?
True
Is 164462647 prime?
False
Is 1826201 a prime number?
False
Is 110620687 a prime number?
False
Is 10060567 a prime number?
False
Is 6720883 a prime number?
False
Is 1368869 a composite number?
False
Is 22819777 composite?
False
Is 5297039 a prime number?
False
Is 8091481 a composite number?
False
Is 1781771 composite?
False
Is 2158423 composite?
False
Is 26305883 a prime number?
False
Is 27169447 prime?
True
Is 55705589 a prime number?
True
Is 237135877 prime?
False
Is 97963 a prime number?
False
Is 2813687 a prime number?
False
Is 76597 a prime number?
True
Is 371430509 a composite number?
True
Is 5840161 a composite number?
False
Is 1665791 a composite number?
True
Is 14182867 composite?
True
Is 247906649 a composite number?
True
Is 57701159 composite?
False
Is 10116521 composite?
True
Is 108931411 prime?
False
Is 1994021 a composite number?
True
Is 26987137 composite?
False
Is 9431977 a prime number?
True
Is 9677417 prime?
True
Is 11603609 composite?
True
Is 28039211 prime?
True
Is 64610831 a composite number?
False
Is 221809279 a prime number?
True
Is 18962351 prime?
True
Is 16009129 a composite number?
True
Is 6939271 prime?
False
Is 213514757 a composite number?
True
Is 194573474 prime?
False
Is 34271189 prime?
False
Is 5715433 a prime number?
True
Is 12098447 composite?
False
Is 32327237 prime?
True
Is 242634209 a composite number?
False
Is 44117143 prime?
False
Is 9848291 a composite number?
False
Is 454667 prime?
False
Is 5339935 a prime number?
False
Is 4544467 a prime number?
False
Is 37538219 a prime number?
False
Is 724433 a composite number?
False
Is 46976291 a composite number?
False
Is 132399647 a prime number?
False
Is 8447743 prime?
True
Is 24758563 prime?
True
Is 44916517 composite?
True
Is 6602627 a prime number?
True
Is 720069107 composite?
False
Is 267373 prime?
True
Is 36653593 prime?
False
Is 34484809 a composite number?
False
Is 9501 a composite number?
True
Is 448512843 a prime number?
False
Is 3822929 prime?
False
Is 75943865 a prime number?
False
Is 3401702 prime?
False
Is 816649 a composite number?
False
Is 365445271 prime?
True
Is 855887 a prime number?
True
Is 147424763 a composite number?
False
Is 6217963 composite?
False
Is 82658371 composite?
False
Is 3138041 a composite number?
False
Is 17583257 a composite number?
False
Is 16939841 prime?
False
Is 826261 prime?
False
Is 27938357 a composite number?
False
Is 232493321 composite?
False
Is 7835593 composite?
False
Is 17623019 composite?
False
Is 8035223 a composite number?
True
Is 96044647 a prime number?
False
Is 2667593 a prime number?
False
Is 30734245 composite?
True
Is 60695237 a composite number?
False
Is 1143217 composite?
False
Is 1446559 a prime number?
True
Is 17266493 a prime number?
True
Is 316284233 composite?
False
Is 45665261 composite?
False
Is 66255263 a prime number?
False
Is 123655045 composite?
True
Is 3650327 a composite number?
False
Is 7923719 a composite number?
False
Is 41262589 a composite number?
False
Is 15398 a prime number?
False
Is 1385701 composite?
True
Is 966355799 composite?
False
Is 50878543 a prime number?
False
Is 13871987 a prime number?
True
Is 2313797 prime?
True
Is 21381611 a prime number?
True
Is 665531 prime?
False
Is 99175961 prime?
True
Is 2774411 a prime number?
True
Is 203207 prime?
True
Is 980900407 a prime number?
True
Is 3758117 prime?
False
Is 9339179 a prime number?
False
Is 34033289 a composite number?
True
Is 5944487 a composite number?
False
Is 31969103 prime?
False
Is 1013947 a prime number?
False
Is 5888063 a composite number?
True
Is 4503119 composite?
False
Is 360061319 a composite number?
True
Is 2762063 a prime number?
True
Is 20884043 prime?
True
Is 5798699 a composite number?
False
Is 115983397 a composite number?
False
Is 98390307 a prime number?
False
Is 7128039 composite?
True
Is 35523701 prime?
True
Is 3788587 composite?
True
Is 136710113 composite?
True
Is 163942277 composite?
False
Is 54489113 a prime number?
False
Is 105444239 a composite number?
True
Is 20806249 a prime number?
False
Is 547577 a composite number?
False
Is 542483 composite?
False
Is 2982901 a prime number?
False
Is 55965151 composite?
True
Is 10439561 a prime number?
False
Is 13623657 a composite number?
True
Is 16926697 composite?
True
Is 36820597 a composite number?
True
Is 461244541 a composite number?
False
Is 1364747 composite?
False
Is 1144381 prime?
False
Is 238636859 a prime number?
False
Is 21497389 a prime number?
False
Is 6861731 a composite number?
True
Is 20468333 composite?
False
Is 56420818 a composite number?
True
Is 27539427 a prime number?
False
Is 34018133 composite?
True
Is 7109129 a prime number?
False
Is 88356941 prime?
True
Is 17449093 composite?
False
Is 17133017 composite?
True
Is 43607543 a composite number?
True
Is 2484547 a prime number?
False
Is 18771041 prime?
True
Is 9603359 a composite number?
True
Is 193387919 a prime number?
True
Is 205500263 prime?
True
Is 2049653 a composite number?
True
Is 30064963 a prime number?
True
Is 286297847 prime?
False
Is 46122607 composite?
False
Is 8930186 composite?
True
Is 8000885 composite?
True
Is 4045078 a composite number?
True
Is 67952717 prime?
False
Is 217823 a prime number?
True
Is 5715653 prime?
False
Is 539173 prime?
False
Is 21906785 composite?
True
Is 4562731 a composite number?
False
Is 10019831 prime?
True
Is 152217647 prime?
True
Is 24151817 prime?
False
Is 4125013 a composite number?
False
Is 16247261 prime?
False
Is 25035281 a prime number?
True
Is 116202809 a composite number?
False
Is 18092093 a composite number?
True
Is 8831633 prime?
True
Is 18799 a composite number?
True
Is 1239727 composite?
False
Is 99667013 composite?
False
Is 18841469 a composite number?
True
Is 84406769 composite?
True
Is 123421847 composite?
True
Is 71561437 prime?
True
Is 45081571 a composite number?
True
Is 11494477 a prime number?
True
Is 7786063 composite?
False
Is 2142863 composite?
True
Is 113965753 a composite number?
True
Is 30163261 composite?
True
Is 4385863 prime?
True
Is 43203421 a composite number?
True
Is 703333 prime?
False
Is 15410231 a prime number?
True
Is 31289691 a prime number?
False
Is 6079 prime?
True
Is 12748343 a prime number?
True
Is 33564487 a composite number?
True
Is 220817497 a composite number?
True
Is 36376259 a composite number?
False
Is 3102877 a prime number?
True
Is 17624335 a composite number?
True
Is 89853782 a composite number?
True
Is 950867 a composite number?
False
Is 35383213 composite?
False
Is 58282789 a composite number?
True
Is 158642887 a composite number?
True
Is 10333157 a prime number?
False
Is 2333641 a prime number?
False
Is 72211877 a composite number?
False
Is 91018814 a composite number?
True
Is 72226477 a prime number?
True
Is 380890217 prime?
True
Is 507333493 a composite number?
False
Is 14275777 a composite number?
False
Is 4772681 a prime number?
False
Is 5856967 prime?
True
Is 556651 composite?
False
Is 389357 prime?
True
Is 730044319 prime?
False
Is 198990557 a composite number?
False
Is 25544885 composite?
True
Is 9625991 a prime number?
False
Is 475015 composite?
True
Is 730283581 prime?
True
Is 53404823 a prime number?
False
Is 17194417 prime?
T